{"id":10,"date":"2025-05-20T22:44:24","date_gmt":"2025-05-20T20:44:24","guid":{"rendered":"http:\/\/localhost\/centralmarket3\/index.php\/cart\/"},"modified":"2025-05-23T14:41:09","modified_gmt":"2025-05-23T12:41:09","slug":"cart","status":"publish","type":"page","link":"https:\/\/www.centralmarket.store\/?page_id=10","title":{"rendered":"Cart"},"content":{"rendered":"<div data-block-name=\"woocommerce\/cart\" class=\"wp-block-woocommerce-cart alignwide is-loading\"><div data-block-name=\"woocommerce\/filled-cart-block\" class=\"wp-block-woocommerce-filled-cart-block\"><div data-block-name=\"woocommerce\/cart-items-block\" class=\"wp-block-woocommerce-cart-items-block\"><div data-block-name=\"woocommerce\/cart-line-items-block\" class=\"wp-block-woocommerce-cart-line-items-block\"><\/div>\n\n<div data-block-name=\"woocommerce\/cart-cross-sells-block\" class=\"wp-block-woocommerce-cart-cross-sells-block\"><h2 class=\"wp-block-heading has-large-font-size\">You may be interested in\u2026<\/h2>\n\n<div data-block-name=\"woocommerce\/cart-cross-sells-products-block\" class=\"wp-block-woocommerce-cart-cross-sells-products-block\"><\/div><\/div><\/div>\n\n<div data-block-name=\"woocommerce\/cart-totals-block\" class=\"wp-block-woocommerce-cart-totals-block\"><div data-block-name=\"woocommerce\/cart-order-summary-block\" class=\"wp-block-woocommerce-cart-order-summary-block\"><div data-block-name=\"woocommerce\/cart-order-summary-heading-block\" class=\"wp-block-woocommerce-cart-order-summary-heading-block\"><\/div><div data-block-name=\"woocommerce\/cart-order-summary-coupon-form-block\" class=\"wp-block-woocommerce-cart-order-summary-coupon-form-block\"><\/div><div data-block-name=\"woocommerce\/cart-order-summary-totals-block\" class=\"wp-block-woocommerce-cart-order-summary-totals-block\">\n<div data-block-name=\"woocommerce\/cart-order-summary-subtotal-block\" class=\"wp-block-woocommerce-cart-order-summary-subtotal-block\"><\/div>\n<div data-block-name=\"woocommerce\/cart-order-summary-discount-block\" class=\"wp-block-woocommerce-cart-order-summary-discount-block\"><\/div>\n<div data-block-name=\"woocommerce\/cart-order-summary-fee-block\" class=\"wp-block-woocommerce-cart-order-summary-fee-block\"><\/div>\n<div data-block-name=\"woocommerce\/cart-order-summary-shipping-block\" class=\"wp-block-woocommerce-cart-order-summary-shipping-block\"><\/div>\n<div data-block-name=\"woocommerce\/cart-order-summary-taxes-block\" class=\"wp-block-woocommerce-cart-order-summary-taxes-block\"><\/div><\/div><\/div>\n\n<div data-block-name=\"woocommerce\/cart-express-payment-block\" class=\"wp-block-woocommerce-cart-express-payment-block\"><\/div>\n\n<div data-block-name=\"woocommerce\/proceed-to-checkout-block\" class=\"wp-block-woocommerce-proceed-to-checkout-block\"><\/div>\n\n<div data-block-name=\"woocommerce\/cart-accepted-payment-methods-block\" class=\"wp-block-woocommerce-cart-accepted-payment-methods-block\"><\/div><\/div><\/div>\n\n<div data-block-name=\"woocommerce\/empty-cart-block\" class=\"wp-block-woocommerce-empty-cart-block\"><h2 class=\"wp-block-heading has-text-align-center with-empty-cart-icon wc-block-cart__empty-cart__title\">Your cart is currently empty!<\/h2>\n\n<hr class=\"wp-block-separator has-alpha-channel-opacity is-style-dots\"\/>\n\n<h2 class=\"wp-block-heading has-text-align-center\">New in store<\/h2>\n\n<div data-block-name=\"woocommerce\/product-new\" data-columns=\"4\" data-rows=\"1\" class=\"wc-block-grid wp-block-product-new wp-block-woocommerce-product-new wc-block-product-new has-4-columns\"><ul class=\"wc-block-grid__products\"><li class=\"wc-block-grid__product\">\n\t\t\t\t<a href=\"https:\/\/www.centralmarket.store\/?product=casserole-electrique-26cm\" class=\"wc-block-grid__product-link\">\n\t\t\t\t\t<div class=\"wc-block-grid__product-onsale\">\n\t\t\t<span aria-hidden=\"true\">Promo<\/span>\n\t\t\t<span class=\"screen-reader-text\">Produit en promotion<\/span>\n\t\t<\/div>\n\t\t\t\t\t<div class=\"wc-block-grid__product-image\"><img fetchpriority=\"high\" decoding=\"async\" width=\"450\" height=\"450\" src=\"https:\/\/www.centralmarket.store\/wp-content\/uploads\/2025\/05\/1000101887-450x450.png\" class=\"attachment-woocommerce_thumbnail size-woocommerce_thumbnail\" alt=\"Casserole \u00e9lectrique 26cm\" srcset=\"https:\/\/www.centralmarket.store\/wp-content\/uploads\/2025\/05\/1000101887-450x450.png 450w, https:\/\/www.centralmarket.store\/wp-content\/uploads\/2025\/05\/1000101887-300x300.png 300w, https:\/\/www.centralmarket.store\/wp-content\/uploads\/2025\/05\/1000101887-1024x1024.png 1024w, https:\/\/www.centralmarket.store\/wp-content\/uploads\/2025\/05\/1000101887-150x150.png 150w, https:\/\/www.centralmarket.store\/wp-content\/uploads\/2025\/05\/1000101887-768x768.png 768w, https:\/\/www.centralmarket.store\/wp-content\/uploads\/2025\/05\/1000101887-800x800.png 800w, https:\/\/www.centralmarket.store\/wp-content\/uploads\/2025\/05\/1000101887-100x100.png 100w, https:\/\/www.centralmarket.store\/wp-content\/uploads\/2025\/05\/1000101887-50x50.png 50w, https:\/\/www.centralmarket.store\/wp-content\/uploads\/2025\/05\/1000101887-600x600.png 600w, https:\/\/www.centralmarket.store\/wp-content\/uploads\/2025\/05\/1000101887-96x96.png 96w, https:\/\/www.centralmarket.store\/wp-content\/uploads\/2025\/05\/1000101887-460x460.png 460w, https:\/\/www.centralmarket.store\/wp-content\/uploads\/2025\/05\/1000101887.png 1080w\" sizes=\"(max-width: 450px) 100vw, 450px\" \/><\/div>\n\t\t\t\t\t<div class=\"wc-block-grid__product-title\">Casserole \u00e9lectrique 26cm<\/div>\n\t\t\t\t<\/a>\n\t\t\t\t<div class=\"wc-block-grid__product-price price\"><del aria-hidden=\"true\"><span class=\"woocommerce-Price-amount amount\">18 000&nbsp;<span class=\"woocommerce-Price-currencySymbol\">CFA<\/span><\/span><\/del> <span class=\"screen-reader-text\">Le prix initial \u00e9tait\u00a0: 18 000&nbsp;CFA.<\/span><ins aria-hidden=\"true\"><span class=\"woocommerce-Price-amount amount\">13 000&nbsp;<span class=\"woocommerce-Price-currencySymbol\">CFA<\/span><\/span><\/ins><span class=\"screen-reader-text\">Le prix actuel est\u00a0: 13 000&nbsp;CFA.<\/span><\/div>\n\t\t\t\t\n\t\t\t\t<div class=\"wp-block-button wc-block-grid__product-add-to-cart\"><a href=\"?add-to-cart=10763\" aria-label=\"Ajouter au panier\u00a0: &ldquo;Casserole \u00e9lectrique 26cm&rdquo;\" data-quantity=\"1\" data-product_id=\"10763\" data-product_sku=\"\" data-price=\"13000\" rel=\"nofollow\" class=\"wp-block-button__link  add_to_cart_button ajax_add_to_cart\">Ajouter au panier<\/a><\/div>\n\t\t\t<\/li><li class=\"wc-block-grid__product\">\n\t\t\t\t<a href=\"https:\/\/www.centralmarket.store\/?product=plateaux-buffet-lot-de-3-pieces\" class=\"wc-block-grid__product-link\">\n\t\t\t\t\t<div class=\"wc-block-grid__product-onsale\">\n\t\t\t<span aria-hidden=\"true\">Promo<\/span>\n\t\t\t<span class=\"screen-reader-text\">Produit en promotion<\/span>\n\t\t<\/div>\n\t\t\t\t\t<div class=\"wc-block-grid__product-image\"><img decoding=\"async\" width=\"450\" height=\"450\" src=\"https:\/\/www.centralmarket.store\/wp-content\/uploads\/2025\/05\/1746928880067-2-450x450.jpg\" class=\"attachment-woocommerce_thumbnail size-woocommerce_thumbnail\" alt=\"Plateaux Buffet lot de 3 pi\u00e8ces\" srcset=\"https:\/\/www.centralmarket.store\/wp-content\/uploads\/2025\/05\/1746928880067-2-450x450.jpg 450w, https:\/\/www.centralmarket.store\/wp-content\/uploads\/2025\/05\/1746928880067-2-300x300.jpg 300w, https:\/\/www.centralmarket.store\/wp-content\/uploads\/2025\/05\/1746928880067-2-1024x1024.jpg 1024w, https:\/\/www.centralmarket.store\/wp-content\/uploads\/2025\/05\/1746928880067-2-150x150.jpg 150w, https:\/\/www.centralmarket.store\/wp-content\/uploads\/2025\/05\/1746928880067-2-768x768.jpg 768w, https:\/\/www.centralmarket.store\/wp-content\/uploads\/2025\/05\/1746928880067-2-800x800.jpg 800w, https:\/\/www.centralmarket.store\/wp-content\/uploads\/2025\/05\/1746928880067-2-100x100.jpg 100w, https:\/\/www.centralmarket.store\/wp-content\/uploads\/2025\/05\/1746928880067-2-50x50.jpg 50w, https:\/\/www.centralmarket.store\/wp-content\/uploads\/2025\/05\/1746928880067-2-600x600.jpg 600w, https:\/\/www.centralmarket.store\/wp-content\/uploads\/2025\/05\/1746928880067-2-96x96.jpg 96w, https:\/\/www.centralmarket.store\/wp-content\/uploads\/2025\/05\/1746928880067-2-460x460.jpg 460w, https:\/\/www.centralmarket.store\/wp-content\/uploads\/2025\/05\/1746928880067-2.jpg 1080w\" sizes=\"(max-width: 450px) 100vw, 450px\" \/><\/div>\n\t\t\t\t\t<div class=\"wc-block-grid__product-title\">Plateaux Buffet lot de 3 pi\u00e8ces<\/div>\n\t\t\t\t<\/a>\n\t\t\t\t<div class=\"wc-block-grid__product-price price\"><del aria-hidden=\"true\"><span class=\"woocommerce-Price-amount amount\">20 500&nbsp;<span class=\"woocommerce-Price-currencySymbol\">CFA<\/span><\/span><\/del> <span class=\"screen-reader-text\">Le prix initial \u00e9tait\u00a0: 20 500&nbsp;CFA.<\/span><ins aria-hidden=\"true\"><span class=\"woocommerce-Price-amount amount\">16 500&nbsp;<span class=\"woocommerce-Price-currencySymbol\">CFA<\/span><\/span><\/ins><span class=\"screen-reader-text\">Le prix actuel est\u00a0: 16 500&nbsp;CFA.<\/span><\/div>\n\t\t\t\t\n\t\t\t\t<div class=\"wp-block-button wc-block-grid__product-add-to-cart\"><a href=\"?add-to-cart=10538\" aria-label=\"Ajouter au panier\u00a0: &ldquo;Plateaux Buffet lot de 3 pi\u00e8ces&rdquo;\" data-quantity=\"1\" data-product_id=\"10538\" data-product_sku=\"\" data-price=\"16500\" rel=\"nofollow\" class=\"wp-block-button__link  add_to_cart_button ajax_add_to_cart\">Ajouter au panier<\/a><\/div>\n\t\t\t<\/li><li class=\"wc-block-grid__product\">\n\t\t\t\t<a href=\"https:\/\/www.centralmarket.store\/?product=crepiere-electrique\" class=\"wc-block-grid__product-link\">\n\t\t\t\t\t<div class=\"wc-block-grid__product-onsale\">\n\t\t\t<span aria-hidden=\"true\">Promo<\/span>\n\t\t\t<span class=\"screen-reader-text\">Produit en promotion<\/span>\n\t\t<\/div>\n\t\t\t\t\t<div class=\"wc-block-grid__product-image\"><img decoding=\"async\" width=\"450\" height=\"437\" src=\"https:\/\/www.centralmarket.store\/wp-content\/uploads\/2025\/05\/1739784662290-450x437.png\" class=\"attachment-woocommerce_thumbnail size-woocommerce_thumbnail\" alt=\"Cr\u00eapi\u00e8re \u00e9lectrique\" srcset=\"https:\/\/www.centralmarket.store\/wp-content\/uploads\/2025\/05\/1739784662290-450x437.png 450w, https:\/\/www.centralmarket.store\/wp-content\/uploads\/2025\/05\/1739784662290-300x291.png 300w, https:\/\/www.centralmarket.store\/wp-content\/uploads\/2025\/05\/1739784662290-1024x995.png 1024w, https:\/\/www.centralmarket.store\/wp-content\/uploads\/2025\/05\/1739784662290-768x746.png 768w, https:\/\/www.centralmarket.store\/wp-content\/uploads\/2025\/05\/1739784662290-800x777.png 800w, https:\/\/www.centralmarket.store\/wp-content\/uploads\/2025\/05\/1739784662290-50x50.png 50w, https:\/\/www.centralmarket.store\/wp-content\/uploads\/2025\/05\/1739784662290.png 1112w\" sizes=\"(max-width: 450px) 100vw, 450px\" \/><\/div>\n\t\t\t\t\t<div class=\"wc-block-grid__product-title\">Cr\u00eapi\u00e8re \u00e9lectrique<\/div>\n\t\t\t\t<\/a>\n\t\t\t\t<div class=\"wc-block-grid__product-price price\"><del aria-hidden=\"true\"><span class=\"woocommerce-Price-amount amount\">18 000&nbsp;<span class=\"woocommerce-Price-currencySymbol\">CFA<\/span><\/span><\/del> <span class=\"screen-reader-text\">Le prix initial \u00e9tait\u00a0: 18 000&nbsp;CFA.<\/span><ins aria-hidden=\"true\"><span class=\"woocommerce-Price-amount amount\">13 000&nbsp;<span class=\"woocommerce-Price-currencySymbol\">CFA<\/span><\/span><\/ins><span class=\"screen-reader-text\">Le prix actuel est\u00a0: 13 000&nbsp;CFA.<\/span><\/div>\n\t\t\t\t\n\t\t\t\t<div class=\"wp-block-button wc-block-grid__product-add-to-cart\"><a href=\"?add-to-cart=10745\" aria-label=\"Ajouter au panier\u00a0: &ldquo;Cr\u00eapi\u00e8re \u00e9lectrique&rdquo;\" data-quantity=\"1\" data-product_id=\"10745\" data-product_sku=\"\" data-price=\"13000\" rel=\"nofollow\" class=\"wp-block-button__link  add_to_cart_button ajax_add_to_cart\">Ajouter au panier<\/a><\/div>\n\t\t\t<\/li><li class=\"wc-block-grid__product\">\n\t\t\t\t<a href=\"https:\/\/www.centralmarket.store\/?product=air-fryer-10-litres\" class=\"wc-block-grid__product-link\">\n\t\t\t\t\t<div class=\"wc-block-grid__product-onsale\">\n\t\t\t<span aria-hidden=\"true\">Promo<\/span>\n\t\t\t<span class=\"screen-reader-text\">Produit en promotion<\/span>\n\t\t<\/div>\n\t\t\t\t\t<div class=\"wc-block-grid__product-image\"><img loading=\"lazy\" decoding=\"async\" width=\"450\" height=\"450\" src=\"https:\/\/www.centralmarket.store\/wp-content\/uploads\/2025\/05\/1746904517016-450x450.png\" class=\"attachment-woocommerce_thumbnail size-woocommerce_thumbnail\" alt=\"Air Fryer 10 Litres\" srcset=\"https:\/\/www.centralmarket.store\/wp-content\/uploads\/2025\/05\/1746904517016-450x450.png 450w, https:\/\/www.centralmarket.store\/wp-content\/uploads\/2025\/05\/1746904517016-300x300.png 300w, https:\/\/www.centralmarket.store\/wp-content\/uploads\/2025\/05\/1746904517016-1024x1024.png 1024w, https:\/\/www.centralmarket.store\/wp-content\/uploads\/2025\/05\/1746904517016-150x150.png 150w, https:\/\/www.centralmarket.store\/wp-content\/uploads\/2025\/05\/1746904517016-768x768.png 768w, https:\/\/www.centralmarket.store\/wp-content\/uploads\/2025\/05\/1746904517016-800x800.png 800w, https:\/\/www.centralmarket.store\/wp-content\/uploads\/2025\/05\/1746904517016-100x100.png 100w, https:\/\/www.centralmarket.store\/wp-content\/uploads\/2025\/05\/1746904517016-50x50.png 50w, https:\/\/www.centralmarket.store\/wp-content\/uploads\/2025\/05\/1746904517016-600x600.png 600w, https:\/\/www.centralmarket.store\/wp-content\/uploads\/2025\/05\/1746904517016-96x96.png 96w, https:\/\/www.centralmarket.store\/wp-content\/uploads\/2025\/05\/1746904517016-460x460.png 460w, https:\/\/www.centralmarket.store\/wp-content\/uploads\/2025\/05\/1746904517016.png 1080w\" sizes=\"(max-width: 450px) 100vw, 450px\" \/><\/div>\n\t\t\t\t\t<div class=\"wc-block-grid__product-title\">Air Fryer 10 Litres<\/div>\n\t\t\t\t<\/a>\n\t\t\t\t<div class=\"wc-block-grid__product-price price\"><del aria-hidden=\"true\"><span class=\"woocommerce-Price-amount amount\">50 000&nbsp;<span class=\"woocommerce-Price-currencySymbol\">CFA<\/span><\/span><\/del> <span class=\"screen-reader-text\">Le prix initial \u00e9tait\u00a0: 50 000&nbsp;CFA.<\/span><ins aria-hidden=\"true\"><span class=\"woocommerce-Price-amount amount\">40 000&nbsp;<span class=\"woocommerce-Price-currencySymbol\">CFA<\/span><\/span><\/ins><span class=\"screen-reader-text\">Le prix actuel est\u00a0: 40 000&nbsp;CFA.<\/span><\/div>\n\t\t\t\t\n\t\t\t\t<div class=\"wp-block-button wc-block-grid__product-add-to-cart\"><a href=\"?add-to-cart=10730\" aria-label=\"Ajouter au panier\u00a0: &ldquo;Air Fryer 10 Litres&rdquo;\" data-quantity=\"1\" data-product_id=\"10730\" data-product_sku=\"\" data-price=\"40000\" rel=\"nofollow\" class=\"wp-block-button__link  add_to_cart_button ajax_add_to_cart\">Ajouter au panier<\/a><\/div>\n\t\t\t<\/li><\/ul><\/div><\/div><\/div>","protected":false},"excerpt":{"rendered":"","protected":false},"author":1,"featured_media":0,"parent":0,"menu_order":0,"comment_status":"closed","ping_status":"closed","template":"","meta":{"footnotes":""},"class_list":["post-10","page","type-page","status-publish","hentry"],"jetpack_sharing_enabled":true,"_links":{"self":[{"href":"https:\/\/www.centralmarket.store\/index.php?rest_route=\/wp\/v2\/pages\/10","targetHints":{"allow":["GET"]}}],"collection":[{"href":"https:\/\/www.centralmarket.store\/index.php?rest_route=\/wp\/v2\/pages"}],"about":[{"href":"https:\/\/www.centralmarket.store\/index.php?rest_route=\/wp\/v2\/types\/page"}],"author":[{"embeddable":true,"href":"https:\/\/www.centralmarket.store\/index.php?rest_route=\/wp\/v2\/users\/1"}],"replies":[{"embeddable":true,"href":"https:\/\/www.centralmarket.store\/index.php?rest_route=%2Fwp%2Fv2%2Fcomments&post=10"}],"version-history":[{"count":1,"href":"https:\/\/www.centralmarket.store\/index.php?rest_route=\/wp\/v2\/pages\/10\/revisions"}],"predecessor-version":[{"id":10610,"href":"https:\/\/www.centralmarket.store\/index.php?rest_route=\/wp\/v2\/pages\/10\/revisions\/10610"}],"wp:attachment":[{"href":"https:\/\/www.centralmarket.store\/index.php?rest_route=%2Fwp%2Fv2%2Fmedia&parent=10"}],"curies":[{"name":"wp","href":"https:\/\/api.w.org\/{rel}","templated":true}]}}